
True
Is 8032739303 a composite number?
False
Is 371500637 prime?
False
Is 583731713 a composite number?
True
Is 8124679819 a prime number?
True
Is 6180277559 a prime number?
False
Is 7098119647 composite?
True
Is 382354963 composite?
True
Is 314922319 a prime number?
True
Is 166140070583 a composite number?
False
Is 9089878079 prime?
False
Is 5597170679 a prime number?
True
Is 29723737377 a prime number?
False
Is 1330786273 a prime number?
False
Is 5673173657 a composite number?
True
Is 155722877 composite?
False
Is 3712379711 a prime number?
True
Is 1686435539 composite?
False
Is 38313367 prime?
False
Is 117794312419 composite?
True
Is 16988700815 a prime number?
False
Is 17809539887 composite?
True
Is 35293414687 prime?
True
Is 10770159241 a prime number?
False
Is 16554464947 composite?
True
Is 2748014387 a composite number?
True
Is 4837467557 a composite number?
True
Is 17999358154 a prime number?
False
Is 34339336543 composite?
True
Is 921206011 a prime number?
False
Is 12397980151 prime?
False
Is 4969123217 a prime number?
False
Is 46273176853 a prime number?
True
Is 532534897 a prime number?
False
Is 27013088365 a prime number?
False
Is 1034242597 composite?
False
Is 5849701807 a prime number?
True
Is 33844950899 a composite number?
True
Is 1933270561 a prime number?
True
Is 62151207979 a prime number?
False
Is 21925856807 composite?
False
Is 24953733719 a prime number?
True
Is 455296273 a composite number?
False
Is 57486640339 composite?
True
Is 923704793 a composite number?
True
Is 278440291 composite?
False
Is 878357083 a prime number?
False
Is 169295941 a prime number?
True
Is 167100573763 a composite number?
False
Is 210103052893 a prime number?
False
Is 80435728209 prime?
False
Is 13547231309 prime?
True
Is 27335489023 composite?
False
Is 6982840051 a composite number?
True
Is 800569147 a prime number?
False
Is 45187923163 prime?
False
Is 264867751 prime?
False
Is 41389243871 a composite number?
False
Is 33612088229 a composite number?
True
Is 13613852801 prime?
True
Is 441794941 composite?
True
Is 15200202733 a prime number?
True
Is 35151379957 prime?
True
Is 5299247251 a composite number?
True
Is 2285455537 a prime number?
False
Is 28043321249 a prime number?
False
Is 40502845421 a composite number?
True
Is 1954557653 a prime number?
True
Is 61200096811 a composite number?
True
Is 490938601 a prime number?
True
Is 51107492327 prime?
True
Is 7798403959 composite?
False
Is 6000380779 prime?
True
Is 272821739 prime?
False
Is 550915069 composite?
False
Is 618648281 composite?
False
Is 11514866827 composite?
True
Is 7690291141 prime?
False
Is 39490567 prime?
True
Is 9465603185 a prime number?
False
Is 18218228693 composite?
True
Is 981331321 prime?
False
Is 8811315077 composite?
True
Is 16046679563 prime?
True
Is 1736804213 prime?
True
Is 9752922917 composite?
False
Is 3596539339 composite?
False
Is 25542660917 prime?
False
Is 36010810709 a composite number?
True
Is 742356569 a prime number?
True
Is 312489493 a prime number?
True
Is 4343620157 prime?
False
Is 1216224491 prime?
False
Is 1070912189 a composite number?
True
Is 155414980403 composite?
True
Is 5107962589 a composite number?
True
Is 46225240993 a prime number?
True
Is 30114918047 a composite number?
False
Is 444578291 prime?
True
Is 2236250933 a prime number?
False
Is 171397693 prime?
True
Is 5929471 prime?
False
Is 217722797387 a composite number?
False
Is 12913695089 a composite number?
True
Is 5516483729 composite?
False
Is 2510386897 a prime number?
True
Is 189553541 a prime number?
False
Is 3108999293 composite?
True
Is 1813488637 a composite number?
False
Is 182349767009 composite?
False
Is 11902570787 a prime number?
False
Is 3011252683 a composite number?
True
Is 56305273643 prime?
False
Is 2177790001 a composite number?
False
Is 456188497 composite?
True
Is 3680904013 a prime number?
False
Is 4344197413 composite?
True
Is 3049101859 prime?
True
Is 8336798653 prime?
True
Is 301130364367 a composite number?
True
Is 93859253 a prime number?
True
Is 1760148199 a prime number?
False
Is 1262649847 prime?
True
Is 455371199 a composite number?
True
Is 1218013123 a composite number?
False
Is 634339999 prime?
False
Is 14304330583 a composite number?
False
Is 1202066213 a prime number?
True
Is 1416823327 composite?
False
Is 753132097 prime?
False
Is 27806572697 a composite number?
True
Is 292208143 a composite number?
True
Is 28995902011 a composite number?
True
Is 509651297 composite?
False
Is 9778399999 a composite number?
False
Is 7724699459 prime?
True
Is 3021239471 prime?
True
Is 2092923527 composite?
True
Is 1076701433 prime?
True
Is 32541881279 a prime number?
False
Is 350230458349 a composite number?
False
Is 41151893729 a prime number?
False
Is 343364206 composite?
True
Is 2481218213 prime?
True
Is 21156849313 composite?
False
Is 4313471321 a prime number?
True
Is 1760156669 prime?
False
Is 51786937651 prime?
False
Is 13898321009 a composite number?
True
Is 2854736623 a prime number?
True
Is 81606513319 a prime number?
False
Is 5927154643 prime?
False
Is 7805795827 composite?
False
Is 221808641 composite?
True
Is 28071417119 a composite number?
False
Is 49244428243 a prime number?
False
Is 1806760171 a composite number?
False
Is 1816288015 a prime number?
False
Is 30765602011 composite?
False
Is 72258559 prime?
True
Is 1272021529 a composite number?
True
Is 445363951 a prime number?
True
Is 4035224609 a composite number?
True
Is 4129298009 a prime number?
True
Is 3475736977 prime?
False
Is 207628517 composite?
False
Is 42084672961 prime?
True
Is 3112879279 prime?
False
Is 33017715167 prime?
True
Is 3784775227 a composite number?
False
Is 82773580727 a composite number?
False
Is 675949123 composite?
True
Is 10316630743 a prime number?
False
Is 871479107 a prime number?
False
Is 16013029273 a composite number?
False
Is 3050211937 composite?
False
Is 1879573489 a prime number?
True
Is 1797312373 a composite number?
True
Is 1431196783 a composite number?
False
Is 4859020015 a prime number?
False
Is 5397245302 a prime number?
False
Is 610545571 a prime number?
False
Is 40832745787 composite?
True
Is 2452115579 a prime number?
False
Is 87949541 a composite number?
False
Is 9837707987 a composite number?
True
Is 10372091761 prime?
True
Is 38129609359 prime?
True
Is 296730815317 prime?
True
Is 26916069 prime?
False
Is 1732985251 composite?
True
Is 50673097 a prime number?
False
Is 5103042419 a prime number?
True
Is 2139050987 a prime number?
False
Is 2758174777 a prime number?
True
Is 86187139739 a composite number?
True
Is 797568929 composite?
True
Is 28072981 prime?
True
Is 566961019 a prime number?
False
Is 6869658217 composite?
False
Is 1483808219 a prime number?
True
Is 2251117031 a composite number?
False
Is 1097594671 a prime number?
True
Is 2355867869 a prime number?
False
Is 170530634 prime?
False
Is 2222065123 a prime number?
True
Is 64421053293 prime?
False
Is 2534187281 prime?
True
Is 154099049 prime?
False
Is 270265483 a prime number?
True
Is 1805736589 a prime number?
False
Is 260589666523 composite?
True
Is 6776449 composite?
False
Is 1730321 a composite number?
True
Is 265215081 composite?
True
Is 5152548373 a composite number?
True
Is 715610297 a prime number?
False
Is 2261194021 a prime number?
False
Is 573831283 prime?
False
Is 29463611651 a prime number?
True
Is 1187594951 a prime number?
True
Is 125165636609 prime?
False
Is 8577658207 composite?
True
Is 59635936273 prime?
True
Is 193656691 a prime number?
True
Is 47652917317 composite?
False
Is 82285957 a prime number?
False
Is 71298425179 a prime number?
False
Is 351950413 composite?
False
Is 4480982767 prime?
False
Is 834931199 prime?
False
Is 1188667423 a prime number?
False
Is 8068451197 prime?
True
Is 96027562 composite?
True
Is 6749873573 composite?
False
Is 5171112983 a composite number?
False
Is 879782621 a prime number?
True
Is 450982087 a composite number?
True
Is 20279017249 prime?
False
Is 311490574865 a prime number?
False
Is 2475943273 a prime number?
True
Is 1249823027 prime?
True
Is 1324133389 composite?
True
Is 5022698113 a composite number?
False
Is 145740730517 prime?
True
Is 4793966909 composite?
False
Is 7854591169 a composite number?
True
Is 437355953 prime?
False
Is 205089907